late n(-2).
-11
Let d(r) = 3494*r + 45428. Determine d(-13).
6
Let j(i) = -2*i**3 - 3093*i**2 + 15471*i - 19. What is j(5)?
-239
Let r(d) = 50*d**2 + 329*d + 524. Determine r(-4).
8
Let w(q) = -2*q**2 + 61*q + 176. Determine w(27).
365
Let f(z) = 2*z**2 + 17088*z + 544768. What is f(-32)?
0
Let y(c) = -38*c**3 + 900*c**2 - 593*c - 65. What is y(23)?
50
Let d(r) = -2*r**2 + 2887*r - 472076. Calculate d(188).
-8
Let a(f) = -2*f**2 + 60*f - 34. What is a(36)?
-466
Let c(l) = -l**3 - 22*l**2 + 98*l - 73. Give c(-26).
83
Let p(c) = -630*c + 128160. Give p(202).
900
Let r(v) = -5*v**3 - 41*v**2 - 11*v - 59. What is r(-8)?
-35
Let i(r) = -3*r**3 + 3*r**2 + 299*r - 1793. Calculate i(6).
-539
Let l(i) = 11*i**3 + 4*i**2 - 134*i - 1002. Calculate l(-7).
-3641
Let m(k) = 13*k**2 - 377*k - 783. Give m(31).
23
Let r(j) = -1593*j + 1409. What is r(1)?
-184
Let c(g) = -8398*g - 33423. What is c(-4)?
169
Let g(c) = -1119*c - 769853. What is g(-688)?
19
Let i(c) = 27687*c + 304562. Determine i(-11).
5
Let s(d) = -14*d**2 + 6532*d + 6534. Determine s(-1).
-12
Let z(r) = 87*r**2 - 2357*r + 213. Calculate z(27).
-3
Let w(g) = 30*g - 5608. What is w(160)?
-808
Let k(i) = -5*i**3 + 278*i**2 - 158*i - 298. Calculate k(55).
87
Let n(o) = -o**2 - 67*o + 48. What is n(4)?
-236
Let l(x) = 274*x**2 + 81099*x - 1442. What is l(-296)?
38
Let k(l) = -401916*l + 2009544. Determine k(5).
-36
Let z(f) = -63*f + 815. Determine z(-8).
1319
Let v(n) = -3*n**3 - 453*n**2 - 105*n - 15588. What is v(-151)?
267
Let v(p) = -119765*p - 1796427. What is v(-15)?
48
Let y(v) = 31*v**2 + 3784*v + 439. Determine y(-122).
195
Let p(l) = 903*l - 122635. Calculate p(134).
-1633
Let y(c) = 12069*c - 1544817. Calculate y(128).
15
Let v(b) = b**2 - 3625*b + 32530. Determine v(9).
-14
Let i(l) = 2*l**3 + 140*l**2 + 1375*l - 175. What is i(-12)?
29
Let f(n) = -27*n**2 + 158*n - 878. Calculate f(5).
-763
Let d(q) = 412*q**2 - 443. What is d(0)?
-443
Let v(k) = 2*k**2 + 4815*k + 1832937. Give v(-474).
-21
Let i(o) = o**2 - 2602*o + 820228. Determine i(367).
-17
Let z(i) = -2*i**3 + 16*i**2 + 555*i + 104. What is z(-13)?
-13
Let g(s) = -s**2 + 268*s - 17184. Determine g(121).
603
Let s(a) = -8853*a + 4762893. Calculate s(538).
-21
Let n(g) = -4*g**3 + 56*g**2 + 39*g + 78. Give n(15).
-237
Let b(o) = -o**3 + 720*o**2 - 27209*o + 352. Determine b(40).
-8
Let r(n) = 13399*n + 1045119. Give r(-78).
-3
Let a(h) = -12*h**2 + 26*h - 156. Give a(5).
-326
Let z(y) = y**3 - 23*y**2 + 8*y + 410. Determine z(22).
102
Let p(b) = 1536*b - 90333. Calculate p(56).
-4317
Let o(z) = 15*z**3 + 11*z**2 - 36*z - 81. Determine o(-2).
-85
Let z(p) = -90*p**3 - 1619*p**2 + 36*p - 38. Give z(-18).
-362
Let d(m) = m**3 + 19*m**2 + 88*m + 2742. Calculate d(-21).
12
Let g(d) = -d**3 - 34*d**2 - 290*d + 81. What is g(-15)?
156
Let q(a) = -316*a + 29431. What is q(93)?
43
Let o(r) = -57*r**3 - 467*r**2 - 104*r - 121. Give o(-8).
7
Let o(l) = 14*l**2 - 59*l - 281. Determine o(7).
-8
Let h(d) = 8*d**3 - 249*d**2 - 2144*d - 61. Determine h(-7).
2
Let o(n) = -8*n**2 - 1260*n - 3018. What is o(-155)?
82
Let p(d) = d**2 - 172*d + 3702. Calculate p(148).
150
Let i(y) = -251*y**2 + 25*y + 1. Determine i(-1).
-275
Let y(v) = -456*v + 15049. What is y(31)?
913
Let b(g) = -14*g**2 + 415*g - 288. Give b(27).
711
Let r(p) = -37*p**2 - 453*p + 14. What is r(-3)?
1040
Let r(b) = -7*b**2 - 5759*b + 58256. Determine r(10).
-34
Let k(f) = -15*f**2 + 71*f + 1844. Determine k(7).
1606
Let q(v) = 4562*v + 22733. What is q(-5)?
-77
Let b(u) = -2*u**3 - 362*u**2 + 3740*u + 170. What is b(10)?
-630
Let x(l) = 7*l**3 - 500*l**2 - 280*l - 593. Calculate x(72).
-17
Let r(u) = u**3 - 21*u**2 - 49*u + 52. What is r(23)?
-17
Let y(m) = 3*m**3 - 45*m**2 - 95*m + 164. Determine y(17).
283
Let i(t) = 18165*t + 72485. Calculate i(-4).
-175
Let s(z) = 837177*z - 1674361. Determine s(2).
-7
Let f(c) = -2686*c + 29532. Determine f(11).
-14
Let b(k) = -132*k**2 + 2394*k - 325. Determine b(18).
-1
Let c(s) = s**3 + 74*s**2 - 200*s - 9429. Calculate c(-75).
-54
Let f(q) = 3*q**2 + 1351*q + 80167. Calculate f(-380).
-13
Let v(h) = 7*h**3 + 36*h**2 - 51*h - 51. Calculate v(-6).
39
Let s(p) = 4*p**3 + 49*p**2 + 65*p + 1. Give s(-10).
251
Let t(h) = -53*h**2 - 1464*h - 6877. Determine t(-6).
-1
Let b(h) = h**2 - 62*h + 297. What is b(7)?
-88
Let h(s) = -37856*s - 794981. What is h(-21)?
-5
Let w(q) = -q**2 - 343*q - 7038. What is w(-20)?
-578
Let q(w) = -13*w**2 + 334*w + 16423. Calculate q(-25).
-52
Let h(d) = -39151*d + 3132061. What is h(80)?
-19
Let d(b) = 21*b**2 - 21*b + 112. Determine d(0).
112
Let x(t) = 5*t**2 + 10939*t - 21888. Give x(2).
10
Let f(q) = -107*q + 6836. Determine f(62).
202
Let t(k) = 3*k**2 - 34637*k + 2785909. Give t(81).
-5
Let m(g) = -g**3 - 16*g**2 - 391*g - 1388. Calculate m(-4).
-16
Let z(g) = -g**3 + 5*g**2 + 69*g - 177. Calculate z(10).
13
Let l(d) = -d**3 - 106*d**2 - 100*d + 1668. Calculate l(-105).
1143
Let d(o) = 1738*o - 31319. Give d(18).
-35
Let r(v) = 2*v**2 + 1570*v - 17449. Determine r(11).
63
Let k(p) = -423*p - 107742. What is k(-253)?
-723
Let f(n) = 4*n**3 - 63*n**2 - 401*n - 12. What is f(-5)?
-82
Let n(j) = -599*j - 11830. What is n(-21)?
749
Let z(r) = 32*r**3 + 607*r**2 - 6*r + 56. Determine z(-19).
-191
Let j(c) = 76*c**3 - 15*c**2 + 21*c. Give j(2).
590
Let p(y) = 143*y - 12956. Calculate p(98).
1058
Let z(f) = 25755*f + 669680. Give z(-26).
50
Let c(l) = -30820*l - 4284005. Determine c(-139).
-25
Let m(r) = -313*r**3 - 91*r**2 + 99*r - 7. Determine m(1).
-312
Let y(r) = 16623*r + 315844. Give y(-19).
7
Let s(u) = -12*u**2 + 504*u + 15884. Give s(-21).
8
Let y(u) = -u**3 - 11287*u**2 - 360160*u. What is y(-32)?
0
Let g(b) = -952*b**3 - 2*b**2 - 99*b - 97. What is g(-1)?
952
Let a(o) = -2*o**3 + 402*o**2 + 407*o - 791. Determine a(202).
-185
Let s(r) = 7*r**2 + 43*r - 570. Determine s(-25).
2730
Let x(a) = -6*a**2 - 282*a - 4476. What is x(-21)?
-1200
Let d(g) = 11778*g**2 + 58901*g + 91. Calculate d(-5).
36
Let r(z) = -z**3 - 9*z**2 - 537*z + 5114. Give r(8).
-270
Let q(j) = -j**2 + 21*j + 21394. Determine q(-136).
42
Let w(v) = -15*v**2 + 756*v + 29. Calculate w(51).
-430
Let m(w) = w**3 - 91*w**2 + 1103*w - 2458. What is m(11)?
-5
Let n(s) = 9*s**2 - 18*s + 6. Determine n(11).
897
Let p(z) = -528*z - 57219. What is p(-107)?
-723
Let g(o) = 80012*o - 880174. Determine g(11).
-42
Let d(t) = -17385*t - 278162. Give d(-16).
-2
Let w(g) = 6*g**3 + 730*g**2 - 240*g + 698. Give w(-122).
210
Let o(r) = -11*r**3 - 28*r**2 - 27*r - 123. Calculate o(-5).
687
Let g(x) = -1214*x + 125077. Calculate g(103).
35
Let r(v) = -66363*v + 729976. Determine r(11).
-17
Let f(n) = 17*n**3 - 4684*n**2 - 14203*n + 2. Calculate f(-3).
-4
Let i(u) = 11*u**2 + 244*u - 8608. Give i(19).
-1
Let t(i) = -3*i**2 - 24538*i - 733453. Determine t(-30).
-13
Let i(g) = 5*g**2 + 658*g - 7266. What is i(-142)?
118
Let u(r) = r**2 + 34839*r + 174204. What is u(-5)?
34
Let w(u) = u**3 + 24*u**2 - 339*u + 10. Give w(10).
20
Let w(x) = -8186*x + 1702645. Give w(208).
-43
Let c(m) = 73*m - 313. What is c(9)?
344
Let l(n) = 881974*n - 3527906. Determine l(4).
-10
Let d(t) = 2*t**2 + 9*t - 79. Calculate d(0).
-79
Let w(t) = 603*t**2 - 1227*t + 11. What is w(2)?
-31
Let q(f) = -f**3 + 93*f**2 - 529*f + 43. Give q(6).
1
Let v(n) = -5007*n + 65032. Determine v(13).
-59
Let j(x) = -x**2 - 154*x + 28125. Calculate j(109).
-542
Let g(y) = -2*y**3 - 21*y**2 + 34*y - 82. What is g(-12)?
-58
Let x(d) = -28*d**2 - 33589*d - 201502. Give x(-6).
-976
Let m(w) = w**2 + 87275*w + 1483272. Calculate m(-17).
-114
Let a(v) = -654*v**2 + 1300*v - 6. Calculate a(2).
-22
Let b(j) = -3873*j + 23203. Give b(6).
-35
Let w(p) = 19*p**2 + 1138*p - 1185. What is w(-61)?
96
Let u(g) = -3*g**2 + 899*g - 9489. Calculate u(11).
37
Let x(q) = q**3 - 70*q**2 + 5*q + 3. Calculate x(70).
353
Let h(k) = -5*k**2 + 398*k - 559. Calculate h(74).
1513
Let c(s) = 2*s**3 + 247*s**2 + 1293*s - 693. Determine c(-118).
-103
Let h(k) = -2*k**2 + 6171*k - 24656. Calculate h(4).
-4
Let h(p) = 3844*p - 611193. Determine h(159).
3
Let p(t) = -2498*t - 27436. Determine p(-11).
42
Let w(s) = 2*s**3 - 308*s**2 + 2599*s + 25. Determine w(9).
-74
Let h(r) = -72*r**2 - 14248*r + 844. Give h(-198).
-740
Let g(n) = -2